ber?
False
Is 110387671 a prime number?
True
Is 1897949 composite?
False
Is 3813941 prime?
True
Is 14112803 composite?
False
Is 590413 a prime number?
False
Is 7761961 prime?
False
Is 4255609 a prime number?
True
Is 42958347 composite?
True
Is 154917883 a composite number?
True
Is 7700221 composite?
True
Is 185047111 prime?
True
Is 203761 a prime number?
True
Is 28771651 a prime number?
True
Is 146273 a composite number?
False
Is 25984723 a prime number?
False
Is 18418927 a composite number?
False
Is 4472047 prime?
False
Is 44988389 a prime number?
True
Is 14097583 a prime number?
True
Is 5039407 composite?
False
Is 8936357 composite?
False
Is 2711669 prime?
True
Is 19135573 prime?
False
Is 1696801 prime?
True
Is 16158157 prime?
False
Is 20234029 a prime number?
False
Is 34068259 a composite number?
False
Is 1884653 a composite number?
True
Is 61341601 a composite number?
True
Is 4112161 prime?
True
Is 29242391 a composite number?
False
Is 104427253 composite?
True
Is 170100187 composite?
False
Is 3292033 a prime number?
False
Is 635809667 composite?
False
Is 106645213 prime?
True
Is 80089309 a prime number?
False
Is 120963293 prime?
False
Is 72731977 composite?
True
Is 916381 a composite number?
True
Is 6160699 a composite number?
False
Is 5597083 composite?
True
Is 185930009 prime?
True
Is 21968221 composite?
True
Is 6414503 a composite number?
False
Is 69498641 a composite number?
False
Is 35646409 a composite number?
True
Is 2232433801 a composite number?
True
Is 1898707 a prime number?
False
Is 3257563 prime?
False
Is 150409771 composite?
True
Is 282082103 prime?
False
Is 14383389 prime?
False
Is 5105161 a prime number?
True
Is 291912391 a prime number?
True
Is 163561 composite?
False
Is 1562933 composite?
False
Is 843965033 prime?
False
Is 22977857 prime?
False
Is 150317 a prime number?
False
Is 31705329 prime?
False
Is 44155522 composite?
True
Is 77288389 prime?
False
Is 44655587 a prime number?
True
Is 86198771 prime?
True
Is 6652637 composite?
True
Is 502737259 prime?
False
Is 1730207 a composite number?
False
Is 105888727 prime?
False
Is 5971601 composite?
True
Is 260441 a prime number?
True
Is 62801581 prime?
True
Is 94223183 a composite number?
False
Is 15806291 composite?
False
Is 151592627 prime?
True
Is 318035 a prime number?
False
Is 461504621 a composite number?
False
Is 9322471 a prime number?
True
Is 1592993 a prime number?
True
Is 3089171 prime?
True
Is 35922949 prime?
True
Is 255651547 a composite number?
True
Is 1845227 composite?
True
Is 2403157 prime?
False
Is 1753331 composite?
True
Is 1597679 prime?
True
Is 5029187 prime?
True
Is 82846493 a composite number?
False
Is 43495787 a composite number?
True
Is 7586563 a prime number?
False
Is 86161337 a composite number?
False
Is 56511919 composite?
True
Is 99047851 prime?
False
Is 234198971 a prime number?
True
Is 38495287 a prime number?
True
Is 539621 a prime number?
True
Is 15208239 composite?
True
Is 52622731 composite?
True
Is 26360953 composite?
False
Is 5014697 a prime number?
False
Is 3346401 a prime number?
False
Is 13543007 a prime number?
True
Is 56157979 a composite number?
False
Is 67782437 composite?
True
Is 5348311 prime?
False
Is 24373673 a composite number?
True
Is 2760811 composite?
False
Is 12263237 a composite number?
True
Is 4673857 composite?
True
Is 4897319 a composite number?
True
Is 2632862 prime?
False
Is 8343067 composite?
True
Is 84566063 a composite number?
True
Is 12671819 a composite number?
False
Is 28389506 a composite number?
True
Is 6148447 composite?
True
Is 307463113 a composite number?
False
Is 907954 prime?
False
Is 13933351 prime?
True
Is 14832679 composite?
False
Is 160247771 a prime number?
False
Is 18445477 a composite number?
False
Is 239132819 composite?
True
Is 1182509 composite?
False
Is 10021499 a prime number?
True
Is 719087447 composite?
True
Is 29592971 prime?
False
Is 3142679 composite?
True
Is 87346579 composite?
True
Is 3349259 a composite number?
False
Is 67367167 a prime number?
False
Is 5435681 prime?
True
Is 48418147 composite?
False
Is 1654787 a prime number?
True
Is 16735109 composite?
False
Is 404633 a composite number?
True
Is 711811 a composite number?
False
Is 151102145 composite?
True
Is 18686455 composite?
True
Is 14903 a composite number?
True
Is 1073311 a prime number?
True
Is 12438473 prime?
True
Is 21701863 composite?
True
Is 2554313 prime?
True
Is 67473743 a composite number?
True
Is 55723541 a composite number?
True
Is 5052283 a prime number?
True
Is 107199047 prime?
False
Is 41840573 composite?
True
Is 59168887 composite?
False
Is 33404981 a prime number?
False
Is 3589031 prime?
True
Is 22099657 a composite number?
True
Is 3243917 prime?
True
Is 7451953 prime?
False
Is 292681 a composite number?
True
Is 43734071 a prime number?
True
Is 65489909 a composite number?
False
Is 13909319 a prime number?
False
Is 145352253 prime?
False
Is 11238002 prime?
False
Is 1779743 composite?
True
Is 3146909 a prime number?
True
Is 2273545 composite?
True
Is 17006959 composite?
True
Is 1216874543 prime?
False
Is 86177507 composite?
True
Is 173293003 prime?
False
Is 1052542 a prime number?
False
Is 15205555 prime?
False
Is 1158814 prime?
False
Is 121287961 prime?
False
Is 2548687 prime?
False
Is 49431377 prime?
True
Is 10926205 prime?
False
Is 345413 prime?
True
Is 3812441 a prime number?
True
Is 69471797 composite?
False
Is 325292801 a prime number?
True
Is 5598319 a prime number?
False
Is 10639459 a composite number?
True
Is 16733671 prime?
False
Is 84010501 composite?
False
Is 81104183 a composite number?
True
Is 782885 composite?
True
Is 14224169 composite?
True
Is 1787923 a prime number?
True
Is 1821983 a composite number?
True
Is 8940781 a prime number?
False
Is 196396009 composite?
False
Is 317159 a composite number?
False
Is 1956277 a prime number?
False
Is 96542513 a composite number?
False
Is 807629 a composite number?
False
Is 84210881 a composite number?
False
Is 3351511 composite?
False
Is 93263 a prime number?
True
Is 1281083 composite?
False
Is 864659 composite?
True
Is 18918373 a prime number?
True
Is 85138177 a composite number?
False
Is 23548949 prime?
True
Is 2853737 composite?
False
Is 76707479 a prime number?
True
Is 2490701 a prime number?
True
Is 48232237 prime?
False
Is 42212327 composite?
True
Is 1360277 composite?
False
Is 6839711 composite?
True
Is 62084021 a composite number?
False
Is 70655309 a prime number?
False
Is 1708489 a composite number?
True
Is 15564827 composite?
True
Is 112898759 composite?
False
Is 6733439 prime?
True
Is 204401 a composite number?
True
Is 7038701 a composite number?
False
Is 25134861 a composite number?
True
Is 345259 composite?
False
Is 15939521 a composite number?
True
Is 79019647 prime?
False
Is 64952753 prime?
False
Is 137117969 composite?
True
Is 7338055 a composite number?
True
Is 5928577 composite?
True
Is 27366037 a composite number?
False
Is 2480771 a composite number?
True
Is 21529654 prime?
False
Is 100699273 prime?
True
Is 559274 a composite number?
True
Is 15007613 composite?
False
Is 12432661 a composite number?
True
Is 19870783 a prime number?
False
Is 5969507 composite?
False
Is 322963 composite?
False
Is 1536943 a prime number?
False
Is 70795999 a composite number?
True
Is 4077187 a composite number?
True
Is 11711371 prime?
False
Is 11112217 composite?
False
Is 255219743 a composite number?
False
Is 2694943 composite?
True
Is 9136441 prime?
True
Is 327913 composite?
True
Is 6418913 a composite number?
False
Is 17573351 a composite number?
False
Is 685849 composite?
False
Is 6816191 prime?
False
Is 1654349 composite?
True
Is 19995847 a composite number?
True
Is 1768553 a composite number?
False
Is 3182143 composite?
True
Is 34445111 composite?
True
Is 60587799 a prime number?
False
Is 1048427 a prime number?
False
Is 16624567 prime?
True
Is 284131693 composite?
True
Is 1205339 prime?
True
Is 1848167 prime?
True
Is 77910007 a composite number?
True
Is 3653427 a composite number?
True
Is 38435497 a prime number?
True
Is 14663723 a composite number?
False
Is 12668257 a composite number?
True
Is 4437911 composite?
False
Is 629311 composite?
False
Is 47543 composite?
False
Is 31217435 a prime number?
False
Is 9171229 a prime number?
True
Is 637333 p